s + 348 = h. What is the highest common factor of s and 29?
29
Let v = 2521 - 991. Calculate the highest common factor of v and 561.
51
Let z = 6434 - 3053. Calculate the greatest common factor of z and 441.
147
Suppose 5*a = 147 - 132. Suppose 2*o + 4*f = 24, a*o - 5*f = o + 51. Suppose -x + 216 = 3*x. What is the highest common factor of o and x?
18
Let y be 152110/1230*18/7. Calculate the highest common factor of y and 414.
6
Suppose -392*n = -342*n - 3600. What is the highest common factor of n and 7416?
72
Let j(p) = p**2 + 7*p + 4. Let w = 122 - 131. Let q be j(w). Let a(k) = 2*k**2 - 2*k + 4. Let l be a(5). Calculate the greatest common factor of q and l.
22
Let u(r) = 3*r**2 + 4*r - 1. Let m be u(5). Let v = m + -38. Suppose -11*l + 181 = 27. Calculate the greatest common divisor of v and l.
14
Let z be (-6)/((-4)/18 + 0). Suppose 6*s - 382 = -166. What is the greatest common factor of z and s?
9
Let q = 1401 + -592. Suppose 3*d = -512 + q. What is the greatest common divisor of d and 33?
33
Suppose -3*y - 22 - 68 = 3*r, 3*r + 5*y + 80 = 0. Let p = 53 + r. Let s be ((-117)/27)/((-2)/p). What is the highest common factor of s and 195?
39
Suppose -2062 - 1678 = -11*u. Let r be 49000/u + (-6)/51. What is the greatest common divisor of 48 and r?
48
Suppose 9*n - 258 = 309. Calculate the greatest common divisor of n and 1281.
21
Let z(l) = -l**2 - 17*l - 42. Let w be z(-3). Suppose 2*k + 4*n - 271 + 71 = w, 5*k - 491 = -n. What is the highest common factor of 4 and k?
2
Suppose -2*b + 4 = 0, -490 - 314 = -5*j - 2*b. Calculate the greatest common factor of 1080 and j.
40
Let w be ((-6)/(-30))/(2/6)*90. Suppose 2*b + 42 = 3*b. Suppose -56*m = -w*m - b. What is the highest common factor of m and 168?
21
Let d = -269 + 315. Suppose -p - 4*w + 120 = 0, -3*w + 454 = -42*p + d*p. What is the highest common factor of p and 32?
16
Let u = 310 + -214. Suppose -11*y + 932 = u. Calculate the greatest common factor of 19 and y.
19
Let t = -124 - -201. Let h be (-156)/(-13) + -7 + (t - 0). Calculate the highest common factor of h and 1066.
82
Suppose -2*k = 5*i - 131, i + 64 = 3*i - 5*k. Calculate the greatest common divisor of 189 and i.
27
Let z be (-2)/(-10) - (-3907968)/160. What is the greatest common divisor of z and 25?
25
Let y(l) be the first derivative of -1/3*l**3 + 18*l - 11*l**2 - 26. Let o be y(-19). What is the greatest common divisor of 100 and o?
25
Let p(w) = -w**2 - 6*w - 12. Let o be 1/(-4 + (-87)/(-21)). Let b be p(o). Let x = 188 + b. Calculate the greatest common factor of 17 and x.
17
Let c(h) = -h**3 + 7*h**2 - 5*h + 7. Let o = 7 - 1. Let f be c(o). Let v be -1*5/(5/(-143)). What is the greatest common divisor of v and f?
13
Let y be 58/(-319) - 64519/(-143). What is the greatest common divisor of 11 and y?
11
Suppose 4*o + 3*q - 4*q - 167 = 0, 3*q = -4*o + 155. Let v(g) = 4813*g - 14152. Let k be v(3). What is the highest common factor of o and k?
41
Let k(z) be the third derivative of -25*z**4/24 - 40*z**3 - 20*z**2 + 1. Let x be k(-10). Calculate the greatest common factor of 1730 and x.
10
Suppose 65*z - 62*z - 771 = 0. Let y = -225 + z. What is the greatest common divisor of y and 672?
32
Let i(j) = 55*j + 11. Let w be i(-4). Let u = w - -232. Calculate the highest common factor of 437 and u.
23
Suppose -10*h = 16*h - 103494 - 27156. Calculate the greatest common factor of h and 60.
15
Let j be (127 - 104) + 2 + 6. Suppose 4*y - 2*y = -4*o + 2, y - 2 = -3*o. Let x be (-496)/(-40)*5*o. What is the highest common divisor of j and x?
31
Let t(h) = -h**3 + 35*h**2 + 43*h + 10. Let y be t(36). Suppose y = 7*l - 46. What is the highest common factor of 77 and l?
11
Let z(s) = -9*s + 3. Let u be z(1). Let b be 171/(-12) + u/8. Let v(d) = d + 23. Let p be v(b). What is the greatest common divisor of p and 64?
8
Let l be (3/(-1))/(3/(-109)). Let i = l - 94. What is the greatest common factor of 5 and i?
5
Suppose 6*v - 2 = 7*v + 5*n, 3*v + 2*n = 7. Let a be (-250)/(-4) - (-2 - v/(-2)). What is the greatest common factor of a and 63?
63
Let x(q) be the third derivative of 3*q**4/4 - q**3/3 + 12*q**2. Let w be x(4). Calculate the greatest common factor of w and 50.
10
Let y(n) = n**3 - 12*n**2 + 45*n - 44. Let w be y(7). What is the greatest common factor of w and 871?
13
Suppose -20*v + 16294 + 6175 = 2849. What is the greatest common factor of v and 27?
9
Let o = 3896 - 3112. Calculate the greatest common factor of 343 and o.
49
Suppose 5*g - 4*v = 55, -30*v + 33 = 4*g - 31*v. Let f(q) = -2 + 3*q + 8 + q. Let n be f(g). What is the greatest common divisor of 102 and n?
34
Let n(v) = 35*v**2 + 5*v + 13. Let t be n(-4). Calculate the highest common factor of t and 35.
7
Suppose -22*q - 2*m = -21*q - 66, -3*q = -2*m - 166. What is the highest common factor of 116 and q?
58
Let q = -2200 - -2637. Suppose 4*w = 4*z - 80, z - 4*w + 91 = 6*z. What is the highest common divisor of q and z?
19
Suppose u - 3*y - 13 - 4 = 0, -26 = -3*u + 4*y. Suppose u*w - w = 4. Suppose 0 = -4*q + 4, 5*q + 7 + 16 = w*v. Calculate the highest common divisor of v and 35.
7
Suppose 3*z + 180 = -d - 82, -342 = 4*z + 5*d. Suppose -10*q + 35*q + 2000 = 0. Let o = q - z. What is the greatest common factor of o and 72?
8
Let o be 10584/(-4704) + (-699)/(-12). Suppose -2*r = 0, -3*b + 504 = b - 4*r. Calculate the greatest common factor of o and b.
14
Let y be (104/40 + (-12)/(-3))*30. Suppose -2*q - y = -24*q. What is the highest common factor of 225 and q?
9
Let l be -37 + 59 - (-1)/(-1). Suppose 3*u - 5*z - 729 = u, 0 = u + z - 354. Calculate the greatest common factor of u and l.
21
Let a = -7522 + 7872. Calculate the highest common divisor of 1540 and a.
70
Let x be 19913 - (16 + 20 + -18). What is the highest common factor of x and 346?
173
Suppose 2*c + 3*a - 15 = 0, -2*c + 12 = -4*a - 38. Let q = -76 - -421. What is the highest common divisor of c and q?
15
Let g = 131 + 42. Suppose -4*i - 1310 = -5*f, -435 = -f - 2*i - g. Let l = 402 - f. What is the highest common divisor of 56 and l?
28
Let r be (-25*1/4)/((-7)/280). Let x = 452 + -352. Calculate the greatest common divisor of x and r.
50
Let g be (-1)/((35/20)/7). Let x be ((-3)/g)/(1 + (-63)/72). Suppose -3*s = 3*r - 96, 0 = -5*s + r + r + 188. What is the greatest common divisor of s and x?
6
Suppose 2*c + 10 = 0, -3*c - 106 - 453 = -4*l. Calculate the highest common divisor of l and 7004.
68
Let x(u) = 34*u**2 + 89*u + 12. Let s be x(-4). What is the highest common divisor of 6520 and s?
40
Let h be 17904/60 + 2 + 7/(-5). Suppose -3*y = -3*x - 6*y + 54, 0 = 4*x - 4*y - 32. Calculate the highest common divisor of x and h.
13
Let k be -2*(-19)/(285/375). Calculate the highest common divisor of 37600 and k.
50
Let k = 4376 + -4370. Calculate the highest common factor of 4146 and k.
6
Suppose 0 = 4*j + 20 + 176. Let l = 83 + j. Let x = 46 - l. What is the greatest common factor of 108 and x?
12
Let b be (6 - 6 - 1*4)*-2. Suppose -54 + b = q. Let z = -37 - q. Calculate the greatest common factor of 18 and z.
9
Let f = 61 - -149. Let z(n) = -9*n + 91. Let g be z(9). Let a be 5*(g - (-17 + 5)/(-4)). Calculate the greatest common factor of a and f.
35
Let d be ((-12)/15)/(1 + 1323/(-1320)). Suppose 0 = 454*y - 462*y + d. Calculate the highest common divisor of y and 484.
44
Suppose -1610*p + 57512 + 47138 = 0. Suppose 3*s - 585 = -2*a - 164, -5*a = 20. Calculate the highest common divisor of p and s.
13
Suppose 5*w - 5*g - 96 = -g, 0 = -5*w - 4*g + 104. Let k be w*(-2 - (-37)/2). What is the greatest common divisor of 30 and k?
30
Let t(v) = 26*v + 8. Let u be t(19). Suppose 9*m + 3*i = 7*m + 518, -2*m + i = -u. Calculate the greatest common divisor of 69 and m.
23
Let h(j) = -2*j**2 - 41*j + 49. Let s be h(-20). Calculate the highest common factor of s and 4899.
69
Suppose 31 = -5*o + x, 1 = -2*x + 3*x. Let p be 220 - (4/24 + (-23)/o). What is the highest common factor of 24 and p?
24
Let q be (6 - 15 - (4 - 34)) + 5. What is the highest common factor of 5525 and q?
13
Suppose -3*b + 219 = -3*r, 2*r = b - r - 75. Let y be (-4 + b/15)*(-60)/(-2). What is the greatest common factor of 88 and y?
8
Let h(s) = s**3 - 11*s**2 + 31*s + 17. Let w be h(5). What is the greatest common divisor of w and 9647?
11
Let y 